{"id":383,"date":"2021-05-05T14:00:33","date_gmt":"2021-05-05T12:00:33","guid":{"rendered":"https:\/\/globaliaproteccion.com\/tienda\/?post_type=product&#038;p=383"},"modified":"2021-12-10T10:52:18","modified_gmt":"2021-12-10T09:52:18","slug":"medidor-concentracion-de-co2-panelpi","status":"publish","type":"product","link":"https:\/\/globaliaproteccion.com\/tienda\/producto\/medidor-concentracion-de-co2-panelpi\/","title":{"rendered":"Medidor concentraci\u00f3n de CO2 PanelPi"},"content":{"rendered":"<h2>Medidor CO2 calidad de aire Panel Pi<\/h2>\n<h3>Medidor concentraci\u00f3n de CO2<\/h3>\n<p>CO2Panel PI es un medidor de CO2 dise\u00f1ado espec\u00edficamente para colegios, por su robustez, simplicidad de uso y bajo coste.<br \/>\nVentila de manera eficaz el aula y aseg\u00farate de que el nivel de CO2 en la sala es el adecuado gracias a CO2Panel PI.<\/p>\n<p>1) Indica f\u00e1cilmente<strong> mediante una luz led si el aula es segura<\/strong> o si hay que ventilar<br \/>\n2) Se conecta a internet y env\u00eda los datos de CO2 a <strong>CO2Panel Cloud (opcional mediante subscripci\u00f3n) para que lo puedas consultar cuando quieras a trav\u00e9s del pc o el m\u00f3vil. Gratuito hasta septiembre)<\/strong><br \/>\n3) Se puede conectar con otros sistemas para <strong>automatizar la ventilaci\u00f3n (dispositivo IOT)<\/strong>. F\u00e1cilmente integrable con otros sistemas.<br \/>\n4) <strong>Te<\/strong> <strong>env\u00eda mensajes al m\u00f3vil cuando el nivel de CO2 supera un umbral.<\/strong><br \/>\n5) <strong>Se instala y configura en 1 minuto. Plug&amp;Play.<\/strong><\/p>\n<p><img loading=\"lazy\" class=\"size-full wp-image-386\" src=\"https:\/\/globaliaproteccion.com\/tienda\/wp-content\/uploads\/2021\/05\/co2-sensor-led-colores.jpg\" alt=\"\" width=\"798\" height=\"397\" srcset=\"https:\/\/globaliaproteccion.com\/tienda\/wp-content\/uploads\/2021\/05\/co2-sensor-led-colores.jpg 798w, https:\/\/globaliaproteccion.com\/tienda\/wp-content\/uploads\/2021\/05\/co2-sensor-led-colores-300x149.jpg 300w, https:\/\/globaliaproteccion.com\/tienda\/wp-content\/uploads\/2021\/05\/co2-sensor-led-colores-768x382.jpg 768w, https:\/\/globaliaproteccion.com\/tienda\/wp-content\/uploads\/2021\/05\/co2-sensor-led-colores-416x207.jpg 416w\" sizes=\"(max-width: 798px) 100vw, 798px\" title=\"\"><\/p>\n<p>Recomendado para:<br \/>\nCentros educativos,Restaurantes, Hoteles, Oficinas, Comercios, Consultas M\u00e9dicas etc<\/p>\n<p><strong>Caracter\u00edsticas t\u00e9cnicas:<\/strong><\/p>\n<ol>\n<li>Medici\u00f3n de la concentraci\u00f3n de CO2.<\/li>\n<li>Sensor CO2 tipo NDIR 0 &#8211; 5000 ppm (precisi\u00f3n +-(50+5% valor medido)).<\/li>\n<li>Medici\u00f3n cada 5 segundos. Env\u00edo a internet de mediciones cada minuto.<\/li>\n<li>Aviso \u00f3ptico del nivel de CO2 (7 niveles de colores).<\/li>\n<li>Conexi\u00f3n a internet por WIFI. Permite consultar los niveles de co2 y temperatura por m\u00f3vil, pc o mac a trav\u00e9s de CO2Panel Cloud (web).(opcional mediante subscripci\u00f3n)<\/li>\n<li>Interface con IFTTT permite automatizar sistemas de ventilaci\u00f3n.<\/li>\n<li>Interface con ThingSpeak permite reenviar mediciones a otros servidores.<\/li>\n<li>Interface JSON permite leer la concentraciones de CO2 y la temperatura desde cualquier sistema de terceros.<\/li>\n<li>Posibilidad de configurar env\u00edo mensajes al tel\u00e9fono o encendido de bombillas o generaci\u00f3n de avisos ac\u00fasticos cuando se supere el umbral de CO2 definido, realizando la debida configuraci\u00f3n, gracias a su conectividad con IFTTT.<\/li>\n<li>Dispositivo calibrado en f\u00e1brica. Posibilidad de recalibrar a trav\u00e9s del panel de control.<\/li>\n<li>Rango de funcionamiento: 0 &#8211; 50 \u00baC \/\/ 85% HR Max. \/\/ 0-5000ppm CO2.<\/li>\n<li>Alimentaci\u00f3n 5VDC. 2A. Adaptador inclu\u00eddo.<\/li>\n<li>Medidas: 80mmx80mmx20mm. Peso: 100g<\/li>\n<li>Certificaciones: CE<\/li>\n<\/ol>\n<p><img loading=\"lazy\" class=\"size-full wp-image-388\" src=\"https:\/\/globaliaproteccion.com\/tienda\/wp-content\/uploads\/2021\/05\/medidor-co2-led-colores.jpg\" alt=\"\" width=\"1000\" height=\"554\" srcset=\"https:\/\/globaliaproteccion.com\/tienda\/wp-content\/uploads\/2021\/05\/medidor-co2-led-colores.jpg 1000w, https:\/\/globaliaproteccion.com\/tienda\/wp-content\/uploads\/2021\/05\/medidor-co2-led-colores-300x166.jpg 300w, https:\/\/globaliaproteccion.com\/tienda\/wp-content\/uploads\/2021\/05\/medidor-co2-led-colores-768x425.jpg 768w, https:\/\/globaliaproteccion.com\/tienda\/wp-content\/uploads\/2021\/05\/medidor-co2-led-colores-416x230.jpg 416w\" sizes=\"(max-width: 1000px) 100vw, 1000px\" title=\"\"><\/p>\n","protected":false},"excerpt":{"rendered":"<p class=\"product_title entry-title\">Fabricado en Espa\u00f1a<br \/>\nGarant\u00eda de 2 a\u00f1os<\/p>\n","protected":false},"featured_media":384,"comment_status":"open","ping_status":"closed","template":"","meta":[],"_links":{"self":[{"href":"https:\/\/globaliaproteccion.com\/tienda\/wp-json\/wp\/v2\/product\/383"}],"collection":[{"href":"https:\/\/globaliaproteccion.com\/tienda\/wp-json\/wp\/v2\/product"}],"about":[{"href":"https:\/\/globaliaproteccion.com\/tienda\/wp-json\/wp\/v2\/types\/product"}],"replies":[{"embeddable":true,"href":"https:\/\/globaliaproteccion.com\/tienda\/wp-json\/wp\/v2\/comments?post=383"}],"wp:featuredmedia":[{"embeddable":true,"href":"https:\/\/globaliaproteccion.com\/tienda\/wp-json\/wp\/v2\/media\/384"}],"wp:attachment":[{"href":"https:\/\/globaliaproteccion.com\/tienda\/wp-json\/wp\/v2\/media?parent=383"}],"curies":[{"name":"wp","href":"https:\/\/api.w.org\/{rel}","templated":true}]}}