{"id":157,"date":"2020-10-15T20:35:57","date_gmt":"2020-10-15T18:35:57","guid":{"rendered":"https:\/\/globaliaproteccion.com\/tienda\/?post_type=product&#038;p=157"},"modified":"2020-10-22T15:15:24","modified_gmt":"2020-10-22T13:15:24","slug":"columna-dosificador-de-gel-a-pedal-jirafa","status":"publish","type":"product","link":"https:\/\/globaliaproteccion.com\/tienda\/producto\/columna-dosificador-de-gel-a-pedal-jirafa\/","title":{"rendered":"Columna dosificador de gel a pedal Jirafa"},"content":{"rendered":"<p><strong>Modelo infantil de dosificador de gel sin contacto.<\/strong><\/p>\n<p>Caracter\u00edsticas:<\/p>\n<ul>\n<li>Compacto y econ\u00f3mico<\/li>\n<li>Accionamiento mediante pedal.<\/li>\n<li>Estructura realizada con plancha de acero.<\/li>\n<li>Pintado al polvo.<\/li>\n<li>Instalaci\u00f3n en interiores.<\/li>\n<li>Dep\u00f3sito con capacidad de 1 litro.<\/li>\n<li>Capacidad dispensador: 1000 ml.<\/li>\n<li>Peso: 12 kilos<\/li>\n<li>Dimensiones: altura 1386 mm.<\/li>\n<li>Dise\u00f1o atractivo y adaptado a los m\u00e1s peque\u00f1os.<br \/>\nReferencia JR1L: 901002<\/li>\n<\/ul>\n<p>Dosificador infantil de gel para la correcta desinfecci\u00f3n de manos. Esta columna se acciona sin contacto, es decir accionando mediante el pie un pedal. Toda la estructura est\u00e1 fabricada con planchas de metal recubiertas con pintura al polvo y curada al horno lo que le confiere un acabado de alta calidad y duradero. El dosificador est\u00e1 situada a la altura id\u00f3nea para que los m\u00e1s peque\u00f1os no tengan problemas. Este dosificador incorpora un dep\u00f3sito rellenable con una capacidad de 1 litro de gel.<\/p>\n<p>&nbsp;<\/p>\n<p><img loading=\"lazy\" class=\"alignnone wp-image-158\" src=\"https:\/\/globaliaproteccion.com\/tienda\/wp-content\/uploads\/2020\/10\/dosificador-gel-a-pedal-jirafa-globalia-proteccion-dimensiones-300x300.jpg\" alt=\"\" width=\"486\" height=\"486\" srcset=\"https:\/\/globaliaproteccion.com\/tienda\/wp-content\/uploads\/2020\/10\/dosificador-gel-a-pedal-jirafa-globalia-proteccion-dimensiones-300x300.jpg 300w, https:\/\/globaliaproteccion.com\/tienda\/wp-content\/uploads\/2020\/10\/dosificador-gel-a-pedal-jirafa-globalia-proteccion-dimensiones-150x150.jpg 150w, https:\/\/globaliaproteccion.com\/tienda\/wp-content\/uploads\/2020\/10\/dosificador-gel-a-pedal-jirafa-globalia-proteccion-dimensiones-768x768.jpg 768w, https:\/\/globaliaproteccion.com\/tienda\/wp-content\/uploads\/2020\/10\/dosificador-gel-a-pedal-jirafa-globalia-proteccion-dimensiones-324x324.jpg 324w, https:\/\/globaliaproteccion.com\/tienda\/wp-content\/uploads\/2020\/10\/dosificador-gel-a-pedal-jirafa-globalia-proteccion-dimensiones-416x416.jpg 416w, https:\/\/globaliaproteccion.com\/tienda\/wp-content\/uploads\/2020\/10\/dosificador-gel-a-pedal-jirafa-globalia-proteccion-dimensiones-100x100.jpg 100w, https:\/\/globaliaproteccion.com\/tienda\/wp-content\/uploads\/2020\/10\/dosificador-gel-a-pedal-jirafa-globalia-proteccion-dimensiones.jpg 800w\" sizes=\"(max-width: 486px) 100vw, 486px\" title=\"\"><\/p>\n<p>&nbsp;<\/p>\n<p>&nbsp;<\/p>\n","protected":false},"excerpt":{"rendered":"<ul>\n<li class=\"product_title entry-title\">Ideal para parvularios y guarder\u00edas.<\/li>\n<li class=\"product_title entry-title\">Mecanismo de pedal de calidad. Dep\u00f3sito integrado.<\/li>\n<\/ul>\n","protected":false},"featured_media":160,"comment_status":"open","ping_status":"closed","template":"","meta":[],"_links":{"self":[{"href":"https:\/\/globaliaproteccion.com\/tienda\/wp-json\/wp\/v2\/product\/157"}],"collection":[{"href":"https:\/\/globaliaproteccion.com\/tienda\/wp-json\/wp\/v2\/product"}],"about":[{"href":"https:\/\/globaliaproteccion.com\/tienda\/wp-json\/wp\/v2\/types\/product"}],"replies":[{"embeddable":true,"href":"https:\/\/globaliaproteccion.com\/tienda\/wp-json\/wp\/v2\/comments?post=157"}],"wp:featuredmedia":[{"embeddable":true,"href":"https:\/\/globaliaproteccion.com\/tienda\/wp-json\/wp\/v2\/media\/160"}],"wp:attachment":[{"href":"https:\/\/globaliaproteccion.com\/tienda\/wp-json\/wp\/v2\/media?parent=157"}],"curies":[{"name":"wp","href":"https:\/\/api.w.org\/{rel}","templated":true}]}}